der when 78424 is divided by 8713.
7
Calculate the remainder when 7523 is divided by 1814.
267
What is the remainder when 337991 is divided by 423?
14
What is the remainder when 5531 is divided by 503?
501
What is the remainder when 9864 is divided by 1094?
18
What is the remainder when 458277 is divided by 603?
600
Calculate the remainder when 1322302 is divided by 284.
282
Calculate the remainder when 454475 is divided by 4.
3
Calculate the remainder when 2248847 is divided by 24.
23
Calculate the remainder when 21333 is divided by 7096.
45
What is the remainder when 85552 is divided by 1615?
1572
Calculate the remainder when 483260 is divided by 161083.
11
What is the remainder when 9116 is divided by 253?
8
What is the remainder when 4238888 is divided by 10?
8
Calculate the remainder when 780204 is divided by 19.
7
Calculate the remainder when 4728 is divided by 1552.
72
What is the remainder when 39141 is divided by 479?
342
Calculate the remainder when 14222 is divided by 2843.
7
Calculate the remainder when 6590 is divided by 287.
276
Calculate the remainder when 18666 is divided by 18458.
208
What is the remainder when 121370 is divided by 656?
10
What is the remainder when 101256 is divided by 5?
1
What is the remainder when 148064 is divided by 145?
19
What is the remainder when 1333 is divided by 79?
69
What is the remainder when 2292 is divided by 382?
0
What is the remainder when 8094 is divided by 22?
20
What is the remainder when 114206 is divided by 3803?
116
Calculate the remainder when 80804 is divided by 27.
20
What is the remainder when 153201 is divided by 90?
21
What is the remainder when 51565 is divided by 68?
21
What is the remainder when 82310 is divided by 7?
4
What is the remainder when 311785 is divided by 190?
185
Calculate the remainder when 16314 is divided by 8149.
16
What is the remainder when 4782 is divided by 802?
772
Calculate the remainder when 6467 is divided by 431.
2
What is the remainder when 8778936 is divided by 299?
296
What is the remainder when 30529 is divided by 988?
889
What is the remainder when 1016720 is divided by 439?
435
What is the remainder when 3399 is divided by 30?
9
What is the remainder when 9522 is divided by 69?
0
What is the remainder when 1556275 is divided by 132?
127
Calculate the remainder when 2026 is divided by 504.
10
Calculate the remainder when 2081 is divided by 48.
17
What is the remainder when 2014 is divided by 625?
139
Calculate the remainder when 24845 is divided by 8195.
260
What is the remainder when 78365 is divided by 195?
170
What is the remainder when 28501 is divided by 239?
60
What is the remainder when 2310 is divided by 46?
10
What is the remainder when 95505 is divided by 4?
1
Calculate the remainder when 7855 is divided by 1071.
358
Calculate the remainder when 59075 is divided by 921.
131
What is the remainder when 413954 is divided by 526?
518
What is the remainder when 1163 is divided by 815?
348
Calculate the remainder when 2923 is divided by 243.
7
Calculate the remainder when 447 is divided by 39.
18
Calculate the remainder when 13693 is divided by 4408.
469
Calculate the remainder when 387633 is divided by 248.
9
Calculate the remainder when 1366 is divided by 917.
449
Calculate the remainder when 5280976 is divided by 10.
6
Calculate the remainder when 23480 is divided by 5863.
28
Calculate the remainder when 2927923 is divided by 845.
843
What is the remainder when 6872 is divided by 88?
8
What is the remainder when 7970 is divided by 1418?
880
What is the remainder when 3202 is divided by 645?
622
What is the remainder when 657628 is divided by 26?
10
What is the remainder when 22246 is divided by 1011?
4
Calculate the remainder when 833 is divided by 92.
5
Calculate the remainder when 20061 is divided by 4996.
77
What is the remainder when 7197 is divided by 79?
8
What is the remainder when 262337 is divided by 1901?
1900
Calculate the remainder when 26137 is divided by 5201.
132
What is the remainder when 8337 is divided by 7469?
868
What is the remainder when 196108 is divided by 17826?
22
What is the remainder when 13874 is divided by 248?
234
Calculate the remainder when 64768 is divided by 5888.
0
What is the remainder when 30152 is divided by 43?
9
What is the remainder when 492 is divided by 216?
60
What is the remainder when 155 is divided by 95?
60
Calculate the remainder when 8438 is divided by 58.
28
What is the remainder when 5798 is divided by 308?
254
Calculate the remainder when 1619 is divided by 322.
9
What is the remainder when 493443 is divided by 24?
3
Calculate the remainder when 85238 is divided by 175.
13
Calculate the remainder when 11741 is divided by 46.
11
What is the remainder when 126280 is divided by 39?
37
Calculate the remainder when 52990 is divided by 10589.
45
Calculate the remainder when 10484 is divided by 20.
4
Calculate the remainder when 1670 is divided by 73.
64
What is the remainder when 4456 is divided by 26?
10
Calculate the remainder when 13541 is divided by 4499.
44
Calculate the remainder when 5089907 is divided by 43.
40
What is the remainder when 240308 is divided by 1754?
10
Calculate the remainder when 68811 is divided by 71.
12
Calculate the remainder when 49066 is divided by 16301.
163
Calculate the remainder when 11598 is divided by 5796.
6
What is the remainder when 7156 is divided by 1267?
821
What is the remainder when 1914 is divided by 929?
56
What is the remainder when 6458 is divided by 1085?
1033
Calculate the remainder when 22575 is divided by 34.
33
Calculate the remainder when 1404312 is divided by 468101.
9
Calculate the remainder when 9125 is divided by 9123.
2
What is the remainder when 1437 is divided by 682?
73
What is the remainder when 23406 is divided by 4640?
206
Calculate the remainder when 45714 is divided by 15238.
0
Calculate the remainder when 3343 is divided by 441.
256
What is the remainder when 5159 is divided by 1285?
19
Calculate the remainder when 844277 is divided by 21648.
5
What is the remainder when 963223 is divided by 675?
673
Calculate the remainder when 30084 is divided by 6015.
9
What is the remainder when 3311 is divided by 39?
35
What is the remainder when 80846 is divided by 77?
73
Calculate the remainder when 34802 is divided by 1200.
2
Calculate the remainder when 1158 is divided by 452.
254
Calculate the remainder when 2029 is divided by 925.
179
What is the remainder when 27588 is divided by 9?
3
Calculate the remainder when 1988 is divided by 385.
63
Calculate the remainder when 199570 is divided by 186.
178
Calculate the remainder when 1974 is divided by 975.
24
What is the remainder when 3135 is divided by 242?
231
What is the remainder when 866 is divided by 175?
166
What is the remainder when 174821 is divided by 1121?
1066
What is the remainder when 19804 is divided by 5?
4
Calculate the remainder when 1912 is divided by 316.
16
Calculate the remainder when 536100 is divided by 19.
15
Calculate the remainder when 27345 is divided by 318.
315
Calculate the remainder when 2384 is divided by 679.
347
What is the remainder when 20295 is divided by 6758?
21
What is the remainder when 3080 is divided by 105?
35
What is the remainder when 32689 is divided by 2167?
184
What is the remainder when 7724 is divided by 773?
767
Calculate the remainder when 6409 is divided by 455.
39
What is the remainder when 8622 is divided by 479?
0
What is the remainder when 2715 is divided by 193?
13
What is the remainder when 398678 is divided by 29?
15
Calculate the remainder when 1467233 is divided by 103.
101
What is the remainder when 123244 is divided by 2020?
24
Calculate the remainder when 768 is divided by 154.
152
Calculate the remainder when 1275 is divided by 8.
3
What is the remainder when 448837 is divided by 382?
369
What is the remainder when 2210 is divided by 148?
138
What is the remainder when 49643 is divided by 16527?
62
Calculate the remainder when 324639 is divided by 277.
272
What is the remainder when 32540 is divided by 288?
284
What is the remainder when 463183 is divided by 27?
25
What is the remainder when 55046 is divided by 22?
2
What is the remainder when 9136 is divided by 11?
6
What is the remainder when 26853 is divided 